{"id":1052,"date":"2020-01-05T23:04:00","date_gmt":"2020-01-05T22:04:00","guid":{"rendered":"http:\/\/localhost\/wordpress-cafe-test10\/?page_id=814"},"modified":"2020-05-19T07:43:59","modified_gmt":"2020-05-19T05:43:59","slug":"les-chantiers-solidaires","status":"publish","type":"page","link":"https:\/\/cafedelatelier.fr\/index.php\/les-chantiers-solidaires\/","title":{"rendered":"Les chantiers solidaires"},"content":{"rendered":"\t\t<div data-elementor-type=\"wp-post\" data-elementor-id=\"1052\" class=\"elementor elementor-1052\">\n\t\t\t\t\t\t\t\t\t<section class=\"elementor-section elementor-top-section elementor-element elementor-element-1b047a7 elementor-section-boxed elementor-section-height-default elementor-section-height-default\" data-id=\"1b047a7\" data-element_type=\"section\" data-settings=\"{&quot;background_background&quot;:&quot;gradient&quot;}\">\n\t\t\t\t\t\t<div class=\"elementor-container elementor-column-gap-default\">\n\t\t\t\t\t<div class=\"elementor-column elementor-col-100 elementor-top-column elementor-element elementor-element-818ea2f\" data-id=\"818ea2f\" data-element_type=\"column\">\n\t\t\t<div class=\"elementor-widget-wrap elementor-element-populated\">\n\t\t\t\t\t\t\t\t<div class=\"elementor-element elementor-element-43b8830 elementor-widget elementor-widget-image\" data-id=\"43b8830\" data-element_type=\"widget\" data-widget_type=\"image.default\">\n\t\t\t\t<div class=\"elementor-widget-container\">\n\t\t\t\t\t\t\t\t\t\t\t\t\t\t\t<img loading=\"lazy\" decoding=\"async\" width=\"406\" height=\"287\" src=\"https:\/\/cafedelatelier.fr\/wp-content\/uploads\/2019\/11\/chantier-peinture-IMG_20160302_104913-e1574449027993.jpg\" class=\"attachment-large size-large wp-image-881\" alt=\"\" \/>\t\t\t\t\t\t\t\t\t\t\t\t\t\t\t<\/div>\n\t\t\t\t<\/div>\n\t\t\t\t<div class=\"elementor-element elementor-element-2977949 elementor-widget elementor-widget-text-editor\" data-id=\"2977949\" data-element_type=\"widget\" data-widget_type=\"text-editor.default\">\n\t\t\t\t<div class=\"elementor-widget-container\">\n\t\t\t\t\t\t\t<h4 style=\"text-align: center;\"><strong>La coop\u00e9ration pour \u00eatre utile<\/strong><\/h4><p>Les chantiers solidaires sont des actions men\u00e9es en partenariat(s)\u00a0 avec des associations qui ont besoin d\u2019un coup de main, dans la convivialit\u00e9 et l\u2019entraide, pour mener \u00e0 bien leurs activit\u00e9s ou projets ponctuels.<\/p><p>Notre travail est b\u00e9n\u00e9vole, gratuit, mais utile\u00a0: arracher des plantes invasives, repeindre des meubles, installer un spectacle, d\u00e9barrasser un appartement, cuisiner pour que les gens soient bien\u2026 Des associations comptent sur nous, et \u00e7a nous met debout\u00a0!<\/p><ul><li>L\u2019action doit \u00eatre men\u00e9e \u00e0 plusieurs, permettre une rencontre, servir le \u00ab\u00a0vivre ensemble\u00a0\u00bb<\/li><li>Sa r\u00e9alisation doit \u00eatre valorisante pour ceux qui y participent, sans objectif de rentabilit\u00e9, r\u00e9alisable en temps et en comp\u00e9tences, hors situation d\u2019urgence ou de stress.<\/li><li>L\u2019action ne vient pas concurrencer celle d\u2019autres organisations, ni compenser un manque de salari\u00e9s.<\/li><\/ul>\t\t\t\t\t\t<\/div>\n\t\t\t\t<\/div>\n\t\t\t\t\t<\/div>\n\t\t<\/div>\n\t\t\t\t\t\t\t<\/div>\n\t\t<\/section>\n\t\t\t\t\t\t\t<\/div>\n\t\t","protected":false},"excerpt":{"rendered":"<p>La coop\u00e9ration pour \u00eatre utile Les chantiers solidaires sont des actions men\u00e9es en partenariat(s)\u00a0 avec des associations qui ont besoin d\u2019un coup de main, dans la convivialit\u00e9 et l\u2019entraide, pour mener \u00e0 bien leurs activit\u00e9s ou projets ponctuels. Notre travail est b\u00e9n\u00e9vole, gratuit, mais utile\u00a0: arracher des plantes invasives, repeindre des meubles, installer un spectacle, &hellip;<\/p>\n<p class=\"read-more\"> <a class=\"\" href=\"https:\/\/cafedelatelier.fr\/index.php\/les-chantiers-solidaires\/\"> <span class=\"screen-reader-text\">Les chantiers solidaires<\/span> Lire la suite\u00a0\u00bb<\/a><\/p>\n","protected":false},"author":3,"featured_media":0,"parent":0,"menu_order":0,"comment_status":"closed","ping_status":"closed","template":"","meta":{"_uag_custom_page_level_css":"","footnotes":""},"class_list":["post-1052","page","type-page","status-publish","hentry"],"uagb_featured_image_src":{"full":false,"thumbnail":false,"medium":false,"medium_large":false,"large":false,"1536x1536":false,"2048x2048":false},"uagb_author_info":{"display_name":"Brigitte Bertoldo","author_link":"https:\/\/cafedelatelier.fr\/index.php\/author\/brigitte\/"},"uagb_comment_info":0,"uagb_excerpt":"La coop\u00e9ration pour \u00eatre utile Les chantiers solidaires sont des actions men\u00e9es en partenariat(s)\u00a0 avec des associations qui ont besoin d\u2019un coup de main, dans la convivialit\u00e9 et l\u2019entraide, pour mener \u00e0 bien leurs activit\u00e9s ou projets ponctuels. Notre travail est b\u00e9n\u00e9vole, gratuit, mais utile\u00a0: arracher des plantes invasives, repeindre des meubles, installer un spectacle,\u2026","_links":{"self":[{"href":"https:\/\/cafedelatelier.fr\/index.php\/wp-json\/wp\/v2\/pages\/1052"}],"collection":[{"href":"https:\/\/cafedelatelier.fr\/index.php\/wp-json\/wp\/v2\/pages"}],"about":[{"href":"https:\/\/cafedelatelier.fr\/index.php\/wp-json\/wp\/v2\/types\/page"}],"author":[{"embeddable":true,"href":"https:\/\/cafedelatelier.fr\/index.php\/wp-json\/wp\/v2\/users\/3"}],"replies":[{"embeddable":true,"href":"https:\/\/cafedelatelier.fr\/index.php\/wp-json\/wp\/v2\/comments?post=1052"}],"version-history":[{"count":6,"href":"https:\/\/cafedelatelier.fr\/index.php\/wp-json\/wp\/v2\/pages\/1052\/revisions"}],"predecessor-version":[{"id":1435,"href":"https:\/\/cafedelatelier.fr\/index.php\/wp-json\/wp\/v2\/pages\/1052\/revisions\/1435"}],"wp:attachment":[{"href":"https:\/\/cafedelatelier.fr\/index.php\/wp-json\/wp\/v2\/media?parent=1052"}],"curies":[{"name":"wp","href":"https:\/\/api.w.org\/{rel}","templated":true}]}}