{"id":1051,"date":"2020-02-14T20:57:21","date_gmt":"2020-02-14T19:57:21","guid":{"rendered":"http:\/\/localhost\/wordpress-cafe-test10\/?page_id=805"},"modified":"2021-07-05T05:09:59","modified_gmt":"2021-07-05T03:09:59","slug":"le-cafe-de-latelier","status":"publish","type":"page","link":"https:\/\/cafedelatelier.fr\/index.php\/le-cafe-de-latelier\/","title":{"rendered":"Le caf\u00e9 de l&rsquo;atelier"},"content":{"rendered":"\t\t<div data-elementor-type=\"wp-post\" data-elementor-id=\"1051\" class=\"elementor elementor-1051\">\n\t\t\t\t\t\t\t\t\t<section class=\"elementor-section elementor-top-section elementor-element elementor-element-46f0e6d elementor-section-boxed elementor-section-height-default elementor-section-height-default\" data-id=\"46f0e6d\" data-element_type=\"section\">\n\t\t\t\t\t\t<div class=\"elementor-container elementor-column-gap-default\">\n\t\t\t\t\t<div class=\"elementor-column elementor-col-100 elementor-top-column elementor-element elementor-element-6ea9854\" data-id=\"6ea9854\" data-element_type=\"column\">\n\t\t\t<div class=\"elementor-widget-wrap elementor-element-populated\">\n\t\t\t\t\t\t\t\t<div class=\"elementor-element elementor-element-167ecae elementor-widget elementor-widget-spacer\" data-id=\"167ecae\" data-element_type=\"widget\" data-widget_type=\"spacer.default\">\n\t\t\t\t<div class=\"elementor-widget-container\">\n\t\t\t\t\t<div class=\"elementor-spacer\">\n\t\t\t<div class=\"elementor-spacer-inner\"><\/div>\n\t\t<\/div>\n\t\t\t\t<\/div>\n\t\t\t\t<\/div>\n\t\t\t\t\t<\/div>\n\t\t<\/div>\n\t\t\t\t\t\t\t<\/div>\n\t\t<\/section>\n\t\t\t\t<section class=\"elementor-section elementor-top-section elementor-element elementor-element-4026e03 elementor-section-boxed elementor-section-height-default elementor-section-height-default\" data-id=\"4026e03\" data-element_type=\"section\" data-settings=\"{&quot;background_background&quot;:&quot;gradient&quot;}\">\n\t\t\t\t\t\t<div class=\"elementor-container elementor-column-gap-default\">\n\t\t\t\t\t<div class=\"elementor-column elementor-col-100 elementor-top-column elementor-element elementor-element-956434b\" data-id=\"956434b\" data-element_type=\"column\">\n\t\t\t<div class=\"elementor-widget-wrap elementor-element-populated\">\n\t\t\t\t\t\t\t\t<div class=\"elementor-element elementor-element-5ea175d elementor-widget elementor-widget-image\" data-id=\"5ea175d\" data-element_type=\"widget\" data-widget_type=\"image.default\">\n\t\t\t\t<div class=\"elementor-widget-container\">\n\t\t\t\t\t\t\t\t\t\t\t\t\t\t\t<img loading=\"lazy\" decoding=\"async\" width=\"512\" height=\"341\" src=\"https:\/\/cafedelatelier.fr\/wp-content\/uploads\/2019\/09\/2018-12-31-132.jpg\" class=\"attachment-large size-large wp-image-775\" alt=\"\" srcset=\"https:\/\/cafedelatelier.fr\/wp-content\/uploads\/2019\/09\/2018-12-31-132.jpg 512w, https:\/\/cafedelatelier.fr\/wp-content\/uploads\/2019\/09\/2018-12-31-132-300x200.jpg 300w\" sizes=\"(max-width: 512px) 100vw, 512px\" \/>\t\t\t\t\t\t\t\t\t\t\t\t\t\t\t<\/div>\n\t\t\t\t<\/div>\n\t\t\t\t<div class=\"elementor-element elementor-element-73439e8 elementor-widget elementor-widget-spacer\" data-id=\"73439e8\" data-element_type=\"widget\" data-widget_type=\"spacer.default\">\n\t\t\t\t<div class=\"elementor-widget-container\">\n\t\t\t\t\t<div class=\"elementor-spacer\">\n\t\t\t<div class=\"elementor-spacer-inner\"><\/div>\n\t\t<\/div>\n\t\t\t\t<\/div>\n\t\t\t\t<\/div>\n\t\t\t\t\t<\/div>\n\t\t<\/div>\n\t\t\t\t\t\t\t<\/div>\n\t\t<\/section>\n\t\t\t\t<section class=\"elementor-section elementor-top-section elementor-element elementor-element-c9adf12 elementor-section-boxed elementor-section-height-default elementor-section-height-default\" data-id=\"c9adf12\" data-element_type=\"section\" data-settings=\"{&quot;background_background&quot;:&quot;gradient&quot;}\">\n\t\t\t\t\t\t<div class=\"elementor-container elementor-column-gap-default\">\n\t\t\t\t\t<div class=\"elementor-column elementor-col-100 elementor-top-column elementor-element elementor-element-4c49bc1\" data-id=\"4c49bc1\" data-element_type=\"column\">\n\t\t\t<div class=\"elementor-widget-wrap elementor-element-populated\">\n\t\t\t\t\t\t\t\t<div class=\"elementor-element elementor-element-1c48efd elementor-widget elementor-widget-heading\" data-id=\"1c48efd\" data-element_type=\"widget\" data-widget_type=\"heading.default\">\n\t\t\t\t<div class=\"elementor-widget-container\">\n\t\t\t<h2 class=\"elementor-heading-title elementor-size-default\">La convivialit\u00e9 plus forte que la solitude<\/h2>\t\t<\/div>\n\t\t\t\t<\/div>\n\t\t\t\t<div class=\"elementor-element elementor-element-61b8bdc elementor-widget elementor-widget-spacer\" data-id=\"61b8bdc\" data-element_type=\"widget\" data-widget_type=\"spacer.default\">\n\t\t\t\t<div class=\"elementor-widget-container\">\n\t\t\t\t\t<div class=\"elementor-spacer\">\n\t\t\t<div class=\"elementor-spacer-inner\"><\/div>\n\t\t<\/div>\n\t\t\t\t<\/div>\n\t\t\t\t<\/div>\n\t\t\t\t<section class=\"elementor-section elementor-inner-section elementor-element elementor-element-e19083d elementor-section-boxed elementor-section-height-default elementor-section-height-default\" data-id=\"e19083d\" data-element_type=\"section\">\n\t\t\t\t\t\t<div class=\"elementor-container elementor-column-gap-default\">\n\t\t\t\t\t<div class=\"elementor-column elementor-col-50 elementor-inner-column elementor-element elementor-element-6d8e235\" data-id=\"6d8e235\" data-element_type=\"column\">\n\t\t\t<div class=\"elementor-widget-wrap elementor-element-populated\">\n\t\t\t\t\t\t\t\t<div class=\"elementor-element elementor-element-383fa41 elementor-widget elementor-widget-text-editor\" data-id=\"383fa41\" data-element_type=\"widget\" data-widget_type=\"text-editor.default\">\n\t\t\t\t<div class=\"elementor-widget-container\">\n\t\t\t\t\t\t\t<p>\u00a0<\/p><p><strong>Nous vous accueillons au Caf\u00e9 de l\u2019Atelier, 3 demi-journ\u00e9es par semaine<\/strong><\/p><ul><li>Mardi et Jeudi de 14H \u00e0 18H\u00a0<\/li><li>Samedi de 14H \u00e0 17H<\/li><li>Dernier dimanche du mois de 14H \u00e0 18H<\/li><\/ul><p style=\"padding-left: 40px;\">On peut y boire une boisson chaude ou une boisson fra\u00eeche <strong>sans alcool. <\/strong>(0,50\u20ac la boisson)\u00a0<\/p><p><strong>Les permanences du Caf\u00e9 sont le terrain d\u2019un double enjeu\u00a0:<\/strong><\/p><ol><li>L\u2019accueil de celui qui arrive quel qu\u2019il soit, dans le respect de sa parole ou de son silence, du temps et de la couleur de sa pr\u00e9sence. Qu\u2019il reste sur le seuil, qu\u2019il s\u2019attable seul ou rejoigne un groupe, qu\u2019il consomme ou pas, il peut se poser dans cet endroit sans pr\u00e9jug\u00e9s, ni injonction de quelque contrat que ce soit.<br \/><br \/><\/li><li>La possibilit\u00e9 pour chacun de participer \u00e0 cet accueil, dans un second temps, en \u00e9quipe, et ponctuellement ou de fa\u00e7on r\u00e9guli\u00e8re.<\/li><\/ol>\t\t\t\t\t\t<\/div>\n\t\t\t\t<\/div>\n\t\t\t\t\t<\/div>\n\t\t<\/div>\n\t\t\t\t<div class=\"elementor-column elementor-col-50 elementor-inner-column elementor-element elementor-element-55cce70\" data-id=\"55cce70\" data-element_type=\"column\">\n\t\t\t<div class=\"elementor-widget-wrap elementor-element-populated\">\n\t\t\t\t\t\t\t\t<div class=\"elementor-element elementor-element-e1ff44c elementor-widget elementor-widget-image\" data-id=\"e1ff44c\" data-element_type=\"widget\" data-widget_type=\"image.default\">\n\t\t\t\t<div class=\"elementor-widget-container\">\n\t\t\t\t\t\t\t\t\t\t\t\t\t\t\t<img loading=\"lazy\" decoding=\"async\" width=\"999\" height=\"562\" src=\"https:\/\/cafedelatelier.fr\/wp-content\/uploads\/2019\/11\/19112019120.jpg\" class=\"attachment-large size-large wp-image-925\" alt=\"\" srcset=\"https:\/\/cafedelatelier.fr\/wp-content\/uploads\/2019\/11\/19112019120.jpg 999w, https:\/\/cafedelatelier.fr\/wp-content\/uploads\/2019\/11\/19112019120-300x169.jpg 300w, https:\/\/cafedelatelier.fr\/wp-content\/uploads\/2019\/11\/19112019120-768x432.jpg 768w\" sizes=\"(max-width: 999px) 100vw, 999px\" \/>\t\t\t\t\t\t\t\t\t\t\t\t\t\t\t<\/div>\n\t\t\t\t<\/div>\n\t\t\t\t\t<\/div>\n\t\t<\/div>\n\t\t\t\t\t\t\t<\/div>\n\t\t<\/section>\n\t\t\t\t<div class=\"elementor-element elementor-element-187cf6d elementor-widget elementor-widget-text-editor\" data-id=\"187cf6d\" data-element_type=\"widget\" data-widget_type=\"text-editor.default\">\n\t\t\t\t<div class=\"elementor-widget-container\">\n\t\t\t\t\t\t\t\t\t\t\t\t\t<\/div>\n\t\t\t\t<\/div>\n\t\t\t\t\t<\/div>\n\t\t<\/div>\n\t\t\t\t\t\t\t<\/div>\n\t\t<\/section>\n\t\t\t\t\t\t\t<\/div>\n\t\t","protected":false},"excerpt":{"rendered":"<p>La convivialit\u00e9 plus forte que la solitude Nous vous accueillons au Caf\u00e9 de l\u2019Atelier, 3 demi-journ\u00e9es par semaine Mardi et Jeudi de 14H \u00e0 18H&nbsp; Samedi de 14H \u00e0 17H Dernier dimanche du mois de 14H \u00e0 18H On peut y boire une boisson chaude ou une boisson fra\u00eeche sans alcool. (0,50\u20ac la boisson)&nbsp; Les &hellip;<\/p>\n<p class=\"read-more\"> <a class=\"\" href=\"https:\/\/cafedelatelier.fr\/index.php\/le-cafe-de-latelier\/\"> <span class=\"screen-reader-text\">Le caf\u00e9 de l&rsquo;atelier<\/span> Lire la suite\u00a0\u00bb<\/a><\/p>\n","protected":false},"author":3,"featured_media":0,"parent":0,"menu_order":0,"comment_status":"closed","ping_status":"closed","template":"","meta":{"_uag_custom_page_level_css":"","footnotes":""},"class_list":["post-1051","page","type-page","status-publish","hentry"],"uagb_featured_image_src":{"full":false,"thumbnail":false,"medium":false,"medium_large":false,"large":false,"1536x1536":false,"2048x2048":false},"uagb_author_info":{"display_name":"Brigitte Bertoldo","author_link":"https:\/\/cafedelatelier.fr\/index.php\/author\/brigitte\/"},"uagb_comment_info":0,"uagb_excerpt":"La convivialit\u00e9 plus forte que la solitude Nous vous accueillons au Caf\u00e9 de l\u2019Atelier, 3 demi-journ\u00e9es par semaine Mardi et Jeudi de 14H \u00e0 18H&nbsp; Samedi de 14H \u00e0 17H Dernier dimanche du mois de 14H \u00e0 18H On peut y boire une boisson chaude ou une boisson fra\u00eeche sans alcool. (0,50\u20ac la boisson)&nbsp; Les\u2026","_links":{"self":[{"href":"https:\/\/cafedelatelier.fr\/index.php\/wp-json\/wp\/v2\/pages\/1051"}],"collection":[{"href":"https:\/\/cafedelatelier.fr\/index.php\/wp-json\/wp\/v2\/pages"}],"about":[{"href":"https:\/\/cafedelatelier.fr\/index.php\/wp-json\/wp\/v2\/types\/page"}],"author":[{"embeddable":true,"href":"https:\/\/cafedelatelier.fr\/index.php\/wp-json\/wp\/v2\/users\/3"}],"replies":[{"embeddable":true,"href":"https:\/\/cafedelatelier.fr\/index.php\/wp-json\/wp\/v2\/comments?post=1051"}],"version-history":[{"count":16,"href":"https:\/\/cafedelatelier.fr\/index.php\/wp-json\/wp\/v2\/pages\/1051\/revisions"}],"predecessor-version":[{"id":1812,"href":"https:\/\/cafedelatelier.fr\/index.php\/wp-json\/wp\/v2\/pages\/1051\/revisions\/1812"}],"wp:attachment":[{"href":"https:\/\/cafedelatelier.fr\/index.php\/wp-json\/wp\/v2\/media?parent=1051"}],"curies":[{"name":"wp","href":"https:\/\/api.w.org\/{rel}","templated":true}]}}